{"id":4758,"date":"2016-11-28T13:14:14","date_gmt":"2016-11-28T12:14:14","guid":{"rendered":"http:\/\/clemencedevienne.com\/?page_id=4758"},"modified":"2017-11-08T11:27:53","modified_gmt":"2017-11-08T10:27:53","slug":"migrants","status":"publish","type":"page","link":"https:\/\/clemencedevienne.com\/index.php\/fr\/migrants\/","title":{"rendered":"Visages de migrants"},"content":{"rendered":"<p>[vc_row content_text_aligment=\u00a0\u00bb\u00a0\u00bb use_row_as_full_screen_section=\u00a0\u00bbno\u00a0\u00bb][vc_column width=\u00a0\u00bb1\/2&Prime; css=\u00a0\u00bb.vc_custom_1506256930796{padding-right: 20px !important;padding-left: 20px !important;}\u00a0\u00bb][vc_column_text css=\u00a0\u00bb.vc_custom_1510136474680{padding-right: px !important;}\u00a0\u00bb]<\/p>\n<p class=\"p1\">En 2016, je suis all\u00e9e rencontrer les migrants qui vivaient avenue de Flandres, \u00e0 quelques stations de m\u00e9tro de chez moi. Leur accueil fut tr\u00e8s chaleureux : ils \u00e9taient heureux de cette rencontre, de pouvoir parler \u00e0 une Parisienne, mais aussi d\u2019\u00eatre vus et d&rsquo;\u00eatre rendus visibles quand trop souvent les gens esquivent leurs regards.<\/p>\n<p>Certains comme Salam ou Nasredine viennent d&rsquo;arriver et dorment dehors et ne parlent pas du tout ni fran\u00e7ais ni Anglais, ils prennent des cours dehors organis\u00e9s par des associations tous les soirs \u00e0 18h dehors pr\u00e8s de la rotonde.[\/vc_column_text][\/vc_column][vc_column width=\u00a0\u00bb1\/2&Prime; css=\u00a0\u00bb.vc_custom_1506256938241{padding-top: px !important;padding-right: 20px !important;padding-left: 20px !important;}\u00a0\u00bb][vc_column_text]D&rsquo;autres, comme Abdou ou Ibrahim sont en France depuis un an et log\u00e9s \u00e0 l&rsquo;hotel ou en centre et prennent des cours de fran\u00e7ais dans des \u00e9coles.[\/vc_column_text][vc_empty_space height=\u00a0\u00bb10px\u00a0\u00bb]<div class=\"edgtf-social-share-holder edgtf-list\">\n\t\t\t<p class=\"edgtf-social-title\">Partagez<\/p>\n\t\t<ul>\n\t\t<li class=\"edgtf-facebook-share\">\n\t<a itemprop=\"url\" class=\"edgtf-share-link\" href=\"#\" onclick=\"window.open('http:\/\/www.facebook.com\/sharer.php?s=100&amp;p[title]=Visages+de+migrants&amp;p[url]=https%3A%2F%2Fclemencedevienne.com%2Findex.php%2Ffr%2Fmigrants%2F&amp;p[images][0]=&amp;p[summary]=%5Bvc_row+content_text_aligment%3D%C2%A0%C2%BB%C2%A0%C2%BB+use_row_as_full_screen_section%3D%C2%A0%C2%BBno%C2%A0%C2%BB%5D%5Bvc_column+width%3D%C2%A0%C2%BB1%2F2%26Prime%3B+css%3D%C2%A0%C2%BB.vc_custom_1506256930796%7Bpadding-right%3A+20px+%21important%3Bpadding-left%3A+20px+%21important%3B%7D%C2%A0%C2%BB%5D%5Bvc_column_text+css%3D%C2%A0%C2%BB.vc_custom_1510136474680%7Bpadding-right%3A+px+%21important%3B%7D%C2%A0%C2%BB%5D+En+2016%2C+je+suis+all%C3%A9e+rencontrer+les+migrants+qui+vivaient+avenue+de+Flandres%2C+%C3%A0+quelques+stations+de+m%C3%A9tro+de+chez+moi.+Leur+accueil+fut+tr%C3%A8s+chaleureux+%3A+ils+%C3%A9taient+heureux+de+cette+rencontre%2C+%5B%26hellip%3B%5D', 'sharer', 'toolbar=0,status=0,width=620,height=280');\">\n\t\t\t\t\t<span class=\"edgtf-social-network-icon fa fa-facebook\"><\/span>\n\t\t\t<\/a>\n<\/li><li class=\"edgtf-twitter-share\">\n\t<a itemprop=\"url\" class=\"edgtf-share-link\" href=\"#\" onclick=\"window.open('http:\/\/twitter.com\/home?status=%5Bvc_row+content_text_aligment%3D%C2%A0%C2%BB%C2%A0%C2%BB+use_row_as_full_screen_section%3D%C2%A0%C2%BBno%C2%A0%C2%BB%5D%5Bvc_column+width%3D%C2%A0%C2%BB1%2F2%26Prime%3B+https:\/\/clemencedevienne.com\/index.php\/fr\/migrants\/', 'popupwindow', 'scrollbars=yes,width=800,height=400');\">\n\t\t\t\t\t<span class=\"edgtf-social-network-icon fa fa-twitter\"><\/span>\n\t\t\t<\/a>\n<\/li><li class=\"edgtf-google_plus-share\">\n\t<a itemprop=\"url\" class=\"edgtf-share-link\" href=\"#\" onclick=\"popUp=window.open('https:\/\/plus.google.com\/share?url=https%3A%2F%2Fclemencedevienne.com%2Findex.php%2Ffr%2Fmigrants%2F', 'popupwindow', 'scrollbars=yes,width=800,height=400');popUp.focus();return false;\">\n\t\t\t\t\t<span class=\"edgtf-social-network-icon fa fa-google-plus\"><\/span>\n\t\t\t<\/a>\n<\/li><li class=\"edgtf-linkedin-share\">\n\t<a itemprop=\"url\" class=\"edgtf-share-link\" href=\"#\" onclick=\"popUp=window.open('http:\/\/linkedin.com\/shareArticle?mini=true&amp;url=https%3A%2F%2Fclemencedevienne.com%2Findex.php%2Ffr%2Fmigrants%2F&amp;title=Visages+de+migrants', 'popupwindow', 'scrollbars=yes,width=800,height=400');popUp.focus();return false;\">\n\t\t\t\t\t<span class=\"edgtf-social-network-icon fa fa-linkedin\"><\/span>\n\t\t\t<\/a>\n<\/li><li class=\"edgtf-pinterest-share\">\n\t<a itemprop=\"url\" class=\"edgtf-share-link\" href=\"#\" onclick=\"popUp=window.open('http:\/\/pinterest.com\/pin\/create\/button\/?url=https%3A%2F%2Fclemencedevienne.com%2Findex.php%2Ffr%2Fmigrants%2F&amp;description=Visages de migrants&amp;media=', 'popupwindow', 'scrollbars=yes,width=800,height=400');popUp.focus();return false;\">\n\t\t\t\t\t<span class=\"edgtf-social-network-icon fa fa-pinterest\"><\/span>\n\t\t\t<\/a>\n<\/li>\t<\/ul>\n<\/div>[\/vc_column][\/vc_row][vc_row content_text_aligment=\u00a0\u00bb\u00a0\u00bb use_row_as_full_screen_section=\u00a0\u00bbno\u00a0\u00bb][vc_column][vc_empty_space height=\u00a0\u00bb22px\u00a0\u00bb][\/vc_column][\/vc_row][vc_row content_text_aligment=\u00a0\u00bb\u00a0\u00bb use_row_as_full_screen_section=\u00a0\u00bbno\u00a0\u00bb][vc_column width=\u00a0\u00bb1\/3&Prime;][vc_single_image image=\u00a0\u00bb5490&Prime; img_size=\u00a0\u00bbfull\u00a0\u00bb alignment=\u00a0\u00bbcenter\u00a0\u00bb onclick=\u00a0\u00bbzoom\u00a0\u00bb][vc_column_text]<\/p>\n<p style=\"text-align: center;\">Portrait de Nahar<\/p>\n<p>[\/vc_column_text][\/vc_column][vc_column width=\u00a0\u00bb1\/3&Prime;][vc_single_image image=\u00a0\u00bb5492&Prime; img_size=\u00a0\u00bbfull\u00a0\u00bb onclick=\u00a0\u00bbzoom\u00a0\u00bb][vc_column_text]<\/p>\n<p style=\"text-align: center;\">Portrait d&rsquo;Ibrahim<\/p>\n<p>[\/vc_column_text][\/vc_column][vc_column width=\u00a0\u00bb1\/3&Prime;][vc_single_image image=\u00a0\u00bb5494&Prime; img_size=\u00a0\u00bbfull\u00a0\u00bb alignment=\u00a0\u00bbcenter\u00a0\u00bb onclick=\u00a0\u00bbzoom\u00a0\u00bb][vc_column_text]<\/p>\n<p style=\"text-align: center;\">Portrait de Nasredine<\/p>\n<p>[\/vc_column_text][\/vc_column][\/vc_row][vc_row content_text_aligment=\u00a0\u00bb\u00a0\u00bb use_row_as_full_screen_section=\u00a0\u00bbno\u00a0\u00bb][vc_column][vc_empty_space][\/vc_column][\/vc_row][vc_row content_text_aligment=\u00a0\u00bb\u00a0\u00bb use_row_as_full_screen_section=\u00a0\u00bbno\u00a0\u00bb][vc_column width=\u00a0\u00bb1\/3&Prime;][vc_single_image image=\u00a0\u00bb5499&Prime; img_size=\u00a0\u00bbfull\u00a0\u00bb alignment=\u00a0\u00bbcenter\u00a0\u00bb onclick=\u00a0\u00bbzoom\u00a0\u00bb][vc_column_text]<\/p>\n<p style=\"text-align: center;\">Portrait d&rsquo;Abdou<\/p>\n<p>[\/vc_column_text][\/vc_column][vc_column width=\u00a0\u00bb1\/3&Prime;][vc_single_image image=\u00a0\u00bb5497&Prime; img_size=\u00a0\u00bbfull\u00a0\u00bb onclick=\u00a0\u00bbzoom\u00a0\u00bb][vc_column_text]<\/p>\n<p style=\"text-align: center;\">Portrait de Salam<\/p>\n<p>[\/vc_column_text][\/vc_column][vc_column width=\u00a0\u00bb1\/3&Prime;][\/vc_column][\/vc_row][vc_row content_text_aligment=\u00a0\u00bb\u00a0\u00bb use_row_as_full_screen_section=\u00a0\u00bbno\u00a0\u00bb][vc_column][vc_empty_space height=\u00a0\u00bb182px\u00a0\u00bb][\/vc_column][\/vc_row]<\/p>\n","protected":false},"excerpt":{"rendered":"<p>[vc_row content_text_aligment=\u00a0\u00bb\u00a0\u00bb use_row_as_full_screen_section=\u00a0\u00bbno\u00a0\u00bb][vc_column width=\u00a0\u00bb1\/2&Prime; css=\u00a0\u00bb.vc_custom_1506256930796{padding-right: 20px !important;padding-left: 20px !important;}\u00a0\u00bb][vc_column_text css=\u00a0\u00bb.vc_custom_1510136474680{padding-right: px !important;}\u00a0\u00bb] En 2016, je suis all\u00e9e rencontrer les migrants qui vivaient avenue de Flandres, \u00e0 quelques stations de m\u00e9tro de chez moi. Leur accueil fut tr\u00e8s chaleureux : ils \u00e9taient heureux de cette rencontre, [&hellip;]<\/p>\n","protected":false},"author":1,"featured_media":0,"parent":0,"menu_order":0,"comment_status":"closed","ping_status":"closed","template":"","meta":{"footnotes":""},"class_list":["post-4758","page","type-page","status-publish","hentry"],"_links":{"self":[{"href":"https:\/\/clemencedevienne.com\/index.php\/wp-json\/wp\/v2\/pages\/4758","targetHints":{"allow":["GET"]}}],"collection":[{"href":"https:\/\/clemencedevienne.com\/index.php\/wp-json\/wp\/v2\/pages"}],"about":[{"href":"https:\/\/clemencedevienne.com\/index.php\/wp-json\/wp\/v2\/types\/page"}],"author":[{"embeddable":true,"href":"https:\/\/clemencedevienne.com\/index.php\/wp-json\/wp\/v2\/users\/1"}],"replies":[{"embeddable":true,"href":"https:\/\/clemencedevienne.com\/index.php\/wp-json\/wp\/v2\/comments?post=4758"}],"version-history":[{"count":71,"href":"https:\/\/clemencedevienne.com\/index.php\/wp-json\/wp\/v2\/pages\/4758\/revisions"}],"predecessor-version":[{"id":6899,"href":"https:\/\/clemencedevienne.com\/index.php\/wp-json\/wp\/v2\/pages\/4758\/revisions\/6899"}],"wp:attachment":[{"href":"https:\/\/clemencedevienne.com\/index.php\/wp-json\/wp\/v2\/media?parent=4758"}],"curies":[{"name":"wp","href":"https:\/\/api.w.org\/{rel}","templated":true}]}}

<p>[vc_row content_text_aligment= » » use_row_as_full_screen_section= »no »][vc_column width= »1/2&Prime; css= ».vc_custom_1506256930796{padding-right: 20px !important;padding-left: 20px !important;} »][vc_column_text css= ».vc_custom_1510136474680{padding-right: px !important;} »]</p>
<p class="p1">En 2016, je suis allée rencontrer les migrants qui vivaient avenue de Flandres, à quelques stations de métro de chez moi. Leur accueil fut très chaleureux : ils étaient heureux de cette rencontre, de pouvoir parler à une Parisienne, mais aussi d’être vus et d&rsquo;être rendus visibles quand trop souvent les gens esquivent leurs regards.</p>
<p>Certains comme Salam ou Nasredine viennent d&rsquo;arriver et dorment dehors et ne parlent pas du tout ni français ni Anglais, ils prennent des cours dehors organisés par des associations tous les soirs à 18h dehors près de la rotonde.[/vc_column_text][/vc_column][vc_column width= »1/2&Prime; css= ».vc_custom_1506256938241{padding-top: px !important;padding-right: 20px !important;padding-left: 20px !important;} »][vc_column_text]D&rsquo;autres, comme Abdou ou Ibrahim sont en France depuis un an et logés à l&rsquo;hotel ou en centre et prennent des cours de français dans des écoles.[/vc_column_text][vc_empty_space height= »10px »]<div class="edgtf-social-share-holder edgtf-list">
			<p class="edgtf-social-title">Partagez</p>
		<ul>
		<li class="edgtf-facebook-share">
	<a itemprop="url" class="edgtf-share-link" href="#" onclick="window.open('http://www.facebook.com/sharer.php?s=100&amp;p[title]=Visages+de+migrants&amp;p[url]=https%3A%2F%2Fclemencedevienne.com%2Findex.php%2Ffr%2Fmigrants%2F&amp;p[images][0]=&amp;p[summary]=%5Bvc_row+content_text_aligment%3D%C2%A0%C2%BB%C2%A0%C2%BB+use_row_as_full_screen_section%3D%C2%A0%C2%BBno%C2%A0%C2%BB%5D%5Bvc_column+width%3D%C2%A0%C2%BB1%2F2%26Prime%3B+css%3D%C2%A0%C2%BB.vc_custom_1506256930796%7Bpadding-right%3A+20px+%21important%3Bpadding-left%3A+20px+%21important%3B%7D%C2%A0%C2%BB%5D%5Bvc_column_text+css%3D%C2%A0%C2%BB.vc_custom_1510136474680%7Bpadding-right%3A+px+%21important%3B%7D%C2%A0%C2%BB%5D+En+2016%2C+je+suis+all%C3%A9e+rencontrer+les+migrants+qui+vivaient+avenue+de+Flandres%2C+%C3%A0+quelques+stations+de+m%C3%A9tro+de+chez+moi.+Leur+accueil+fut+tr%C3%A8s+chaleureux+%3A+ils+%C3%A9taient+heureux+de+cette+rencontre%2C+%5B%26hellip%3B%5D', 'sharer', 'toolbar=0,status=0,width=620,height=280');">
					<span class="edgtf-social-network-icon fa fa-facebook"></span>
			</a>
</li><li class="edgtf-twitter-share">
	<a itemprop="url" class="edgtf-share-link" href="#" onclick="window.open('http://twitter.com/home?status=%5Bvc_row+content_text_aligment%3D%C2%A0%C2%BB%C2%A0%C2%BB+use_row_as_full_screen_section%3D%C2%A0%C2%BBno%C2%A0%C2%BB%5D%5Bvc_column+width%3D%C2%A0%C2%BB1%2F2%26Prime%3B+https://clemencedevienne.com/index.php/fr/migrants/', 'popupwindow', 'scrollbars=yes,width=800,height=400');">
					<span class="edgtf-social-network-icon fa fa-twitter"></span>
			</a>
</li><li class="edgtf-google_plus-share">
	<a itemprop="url" class="edgtf-share-link" href="#" onclick="popUp=window.open('https://plus.google.com/share?url=https%3A%2F%2Fclemencedevienne.com%2Findex.php%2Ffr%2Fmigrants%2F', 'popupwindow', 'scrollbars=yes,width=800,height=400');popUp.focus();return false;">
					<span class="edgtf-social-network-icon fa fa-google-plus"></span>
			</a>
</li><li class="edgtf-linkedin-share">
	<a itemprop="url" class="edgtf-share-link" href="#" onclick="popUp=window.open('http://linkedin.com/shareArticle?mini=true&amp;url=https%3A%2F%2Fclemencedevienne.com%2Findex.php%2Ffr%2Fmigrants%2F&amp;title=Visages+de+migrants', 'popupwindow', 'scrollbars=yes,width=800,height=400');popUp.focus();return false;">
					<span class="edgtf-social-network-icon fa fa-linkedin"></span>
			</a>
</li><li class="edgtf-pinterest-share">
	<a itemprop="url" class="edgtf-share-link" href="#" onclick="popUp=window.open('http://pinterest.com/pin/create/button/?url=https%3A%2F%2Fclemencedevienne.com%2Findex.php%2Ffr%2Fmigrants%2F&amp;description=Visages de migrants&amp;media=', 'popupwindow', 'scrollbars=yes,width=800,height=400');popUp.focus();return false;">
					<span class="edgtf-social-network-icon fa fa-pinterest"></span>
			</a>
</li>	</ul>
</div>[/vc_column][/vc_row][vc_row content_text_aligment= » » use_row_as_full_screen_section= »no »][vc_column][vc_empty_space height= »22px »][/vc_column][/vc_row][vc_row content_text_aligment= » » use_row_as_full_screen_section= »no »][vc_column width= »1/3&Prime;][vc_single_image image= »5490&Prime; img_size= »full » alignment= »center » onclick= »zoom »][vc_column_text]</p>
<p style="text-align: center;">Portrait de Nahar</p>
<p>[/vc_column_text][/vc_column][vc_column width= »1/3&Prime;][vc_single_image image= »5492&Prime; img_size= »full » onclick= »zoom »][vc_column_text]</p>
<p style="text-align: center;">Portrait d&rsquo;Ibrahim</p>
<p>[/vc_column_text][/vc_column][vc_column width= »1/3&Prime;][vc_single_image image= »5494&Prime; img_size= »full » alignment= »center » onclick= »zoom »][vc_column_text]</p>
<p style="text-align: center;">Portrait de Nasredine</p>
<p>[/vc_column_text][/vc_column][/vc_row][vc_row content_text_aligment= » » use_row_as_full_screen_section= »no »][vc_column][vc_empty_space][/vc_column][/vc_row][vc_row content_text_aligment= » » use_row_as_full_screen_section= »no »][vc_column width= »1/3&Prime;][vc_single_image image= »5499&Prime; img_size= »full » alignment= »center » onclick= »zoom »][vc_column_text]</p>
<p style="text-align: center;">Portrait d&rsquo;Abdou</p>
<p>[/vc_column_text][/vc_column][vc_column width= »1/3&Prime;][vc_single_image image= »5497&Prime; img_size= »full » onclick= »zoom »][vc_column_text]</p>
<p style="text-align: center;">Portrait de Salam</p>
<p>[/vc_column_text][/vc_column][vc_column width= »1/3&Prime;][/vc_column][/vc_row][vc_row content_text_aligment= » » use_row_as_full_screen_section= »no »][vc_column][vc_empty_space height= »182px »][/vc_column][/vc_row]</p>

<p>[vc_row content_text_aligment= » » use_row_as_full_screen_section= »no »][vc_column width= »1/2&Prime; css= ».vc_custom_1506256930796{padding-right: 20px !important;padding-left: 20px !important;} »][vc_column_text css= ».vc_custom_1510136474680{padding-right: px !important;} »] En 2016, je suis allée rencontrer les migrants qui vivaient avenue de Flandres, à quelques stations de métro de chez moi. Leur accueil fut très chaleureux : ils étaient heureux de cette rencontre, [&hellip;]</p>
